5*s + 6*s. Calculate the greatest common divisor of b and s.
45
Suppose 5*x + 1009 = 2*w, -x + 160 - 1157 = -2*w. Calculate the greatest common factor of 568 and w.
71
Let s = 1595 - 1525. Calculate the highest common factor of 65 and s.
5
Let c(q) = -13*q**2 - 909*q + 148. Let k be c(-64). Calculate the greatest common divisor of k and 940.
188
Let q(b) = b**2 - 43*b - 1896. Let h be q(73). What is the greatest common factor of h and 406?
14
Let x be -4*8/(-12) - 2/3. Suppose -12 - 56 = -x*r. What is the highest common divisor of r and 238?
34
Let r = 9768 - 9763. What is the highest common divisor of r and 970?
5
Let w be (5/(10/(-336)))/(-9*23/14628). What is the greatest common factor of 896 and w?
224
Suppose 2*l - 414 = -12*b + 11*b, -5*b = -l + 240. What is the highest common factor of 114 and l?
6
Let a be 2/(-5) - 8976/(-15). Suppose 1321*p - 1347*p + 2028 = 0. Calculate the greatest common divisor of a and p.
26
Suppose -j + 0*z + z + 4 = 0, z + 9 = 2*j. Suppose 9 = x + j. Suppose -4*m + 80 = m + 2*g, -x*g + 48 = 3*m. Calculate the highest common factor of m and 8.
8
Suppose -9*r - 76 = -13*r. Let n(p) = p**2 + p + 171. Let u be n(0). What is the greatest common factor of r and u?
19
Suppose 6162 = 10*a + 3*a. Suppose 10*m - a = -114. Calculate the greatest common factor of m and 30.
6
Let u(k) = -k + 28. Suppose 29 = 3*a + 209. Let s be (140/a)/(2/(-6)). Let b be u(s). Calculate the highest common divisor of b and 7.
7
Suppose o = -4*o + 28*o. Suppose o = 14*t - 20*t + 60. What is the highest common divisor of 30 and t?
10
Suppose -111*k + 222*k = 9102. Let u be (-6)/21 - 1152/(-14). Calculate the greatest common factor of k and u.
82
Let h be 895032/2046 - 12/(-22). Calculate the greatest common factor of h and 12.
6
Let z(j) = -4*j. Let h be z(-1). Let a = h - 2. Let r(w) = -71*w + 1991. Let c be r(28). Calculate the highest common factor of c and a.
1
Let u be ((-18)/60)/(16/(-160)). Calculate the greatest common factor of u and 2307.
3
Let v(b) = -b**3 + 4*b**2 + 8*b - 8. Let k be v(5). Suppose -k*c + 899 + 564 = 0. Calculate the highest common divisor of c and 11.
11
Let z be (13/26 - 4/8) + 328. Calculate the highest common factor of z and 64.
8
Let v = 337 + -157. Let g be ((42/(-35))/(-3))/(6/v). Let h(s) = s**3 - 2*s**2 - 5*s. Let a be h(4). What is the greatest common factor of a and g?
12
Let m(c) = 97*c**3 + 4*c**2 + c - 3. Let g be m(1). Calculate the highest common factor of 1098 and g.
9
Suppose -29*m + 1224 + 2255 = 695. Suppose 36 = w + 3*r, -4*r + 80 + 56 = 5*w. Calculate the highest common divisor of w and m.
24
Suppose 21*s - 68*s + 376 = 0. Calculate the greatest common divisor of 278 and s.
2
Suppose 20643 = 41*b + 5225 - 6435. Calculate the greatest common factor of b and 2624.
41
Suppose -43*s = 53*s - 2784. Calculate the greatest common divisor of s and 13891.
29
Let j = 46109 - 45999. Let d(h) = -h**2 + 6*h + 2. Let z be d(4). What is the highest common divisor of z and j?
10
Let c = 8440 + -8420. Calculate the greatest common factor of c and 2630.
10
Suppose 5*g = -4*n + 2 + 5, 2*n - 3 = -3*g. Let w = 73 - n. What is the greatest common divisor of 28 and w?
14
Let d(j) = 5*j**2 + 590*j + 26. Let h be d(-118). What is the greatest common factor of h and 6682?
26
Let w = -9166 - -13438. What is the greatest common divisor of 192 and w?
48
Let y(v) = -52*v - 14. Let i be y(-4). Suppose 9*k - 175 = i. What is the greatest common factor of k and 779?
41
Let h be (60060/(-650))/(3/(-165)). Calculate the highest common factor of 968 and h.
242
Let h = 1132 - 795. Suppose 0 = 18*s - h - 833. Calculate the greatest common factor of 26 and s.
13
Suppose -255 = -26*r + 21*r. Suppose 3*g = 5*u + 9 - r, -8 = -2*u - g. Let c = 42 + u. What is the greatest common factor of 12 and c?
12
Let y(k) = -2*k**3 - 15*k**2 - 11*k - 17. Let o be y(-7). Suppose 0 = w + 2*d - o, d + 2 = w - 0*d. Calculate the highest common factor of w and 35.
5
Suppose 0 = -51*p - 1247 + 4868. What is the highest common factor of p and 5041?
71
Suppose -2*o + 46 = 3*u, -2*u - 9 - 21 = -o. Let q be (1 + 3)/((-10)/(-695)). Let x = q + -44. Calculate the greatest common factor of x and o.
26
Let l = 3761 + -3729. What is the greatest common divisor of 1696 and l?
32
Let b = 15783 - 15527. Calculate the greatest common factor of b and 2.
2
Let j = -14 + 25. Let g = -595 - -804. What is the highest common factor of g and j?
11
Suppose 4*c - 3245 = -c. Suppose 0 = 5249*j - 5226*j - 253. What is the highest common divisor of j and c?
11
Let b(d) = 29*d + 700. Let k be b(-24). Let t = -147 + 508. Suppose -k*v + t - 37 = 0. Calculate the greatest common divisor of v and 54.
27
Let z = -69 + 97. Suppose -i + 8 = -z. Suppose -i = -3*b + 3*t, -3*b - 5*t = -0*b - 12. Calculate the greatest common factor of 1 and b.
1
Suppose 0 = -5*x + 96 + 114. Let q = 19419 + -19405. Calculate the highest common divisor of q and x.
14
Suppose 22*b + 5096 = 71*b. Calculate the greatest common divisor of 611 and b.
13
Let x(k) = k + 56. Let m be x(-9). What is the highest common divisor of 4183 and m?
47
Let d = 61 - 13. Suppose -5*r = 3*r - d. What is the highest common factor of 12 and r?
6
Let v(r) = 281*r + 1353. Let o be v(0). Calculate the greatest common divisor of 123 and o.
123
Suppose -9*b + 481 = 2164. Let y = b - -304. Suppose -5*g + 75 = -2*f, 0 = -2*f - f - 15. What is the greatest common factor of y and g?
13
Suppose 0 = o + 4*z + 13, 0 = -5*o + 3*z - 26 - 39. Let p = o + 148. What is the greatest common factor of 36 and p?
9
Let z(k) = -46*k - 1. Let c = 24 - 25. Let b be z(c). Let s be (18 - -1) + (-15 - (-110)/10). Calculate the highest common factor of b and s.
15
Let b be (30 + -3 + 15)*(-5)/(-6). What is the greatest common divisor of b and 6965?
35
Suppose 2*x - 250 = -3*z, 456 = 8*x - 4*x - 5*z. Let h = x + -73. Suppose 7*n - 101 - h = 0. What is the greatest common factor of n and 84?
21
Let x(s) = 20*s**2 - 3*s. Let d be x(2). Let q(y) = 9*y**2 + 768*y + 329. Let l be q(-85). Calculate the greatest common factor of l and d.
74
Let c = -2343 - -2433. Calculate the greatest common factor of c and 1470.
30
Suppose -12*j = -7*j + v - 497, -5*v + 385 = 4*j. What is the highest common divisor of 2540 and j?
20
Let b(m) = 3*m**3 - 116*m**2 - 3*m + 32. Let x be b(39). What is the greatest common factor of x and 4?
4
Let r(k) = 36*k - 19. Let q be r(4). Let o = 2865 - 2815. What is the highest common factor of o and q?
25
Let q(y) = 13*y - 8. Let i be q(6). Suppose 0 = 5*w + 18*w - 1499 - 272. What is the highest common divisor of w and i?
7
Let l(w) = -8*w + 2. Let k be l(6). Let b = -3264 - -3203. Let n = k - b. Calculate the greatest common factor of 105 and n.
15
Suppose 5*l - 3*j - 1773 + 716 = 0, -3*j + 851 = 4*l. What is the greatest common divisor of 3975 and l?
53
Let f(v) = 8*v**2 - 6*v + 5. Let s be f(2). Let y(r) = r**2. Let n be y(-2). Let x be 5/n - (-395)/4. What is the highest common factor of s and x?
25
Let j be 12/(-24)*-1272*4. Calculate the greatest common divisor of 48 and j.
48
Suppose 10*a = -27*a. Suppose 3*c - 4*n = 226, 0*c + 5*c + n - 346 = a. Calculate the greatest common divisor of 30 and c.
10
Suppose -9*o + 7*o + 14 = 0. Let k = o + 128. Let q be 2/8 - (-354)/24. Calculate the greatest common divisor of k and q.
15
Let u be 25 - 6 - 1 - -5. Suppose -2*y + a = 6*a - 205, -3*a = -3*y + 360. What is the greatest common factor of u and y?
23
Let z = 126 - 126. Suppose -2*g = 2*o - 28, -g + 34 = 3*o - z*o. Let b be o/2 + (215 - 12). Calculate the greatest common divisor of 26 and b.
26
Let b be (21 - 1)*(-1290)/(-1032). Calculate the greatest common divisor of b and 6400.
25
Let a be (56/12 - 2/1)*3. Suppose 2*r + 2*t - a = 0, -2*r + 0*r + 8 = -5*t. Suppose 0*w - 76 = -r*w. Calculate the greatest common divisor of w and 209.
19
Let w(g) = g**2 - 19. Suppose p + 3*p + 32 = -2*k, -5*p = 20. Let l be w(k). Calculate the greatest common divisor of l and 5.
5
Let i = 5058 + -5048. Calculate the highest common factor of 4170 and i.
10
Let x = -3130 - -3250. What is the highest common factor of x and 60?
60
Let b be (10 + -7)/((-6)/328*2). Let u be (37 + -40)/(-1 + (-76)/b). What is the greatest common divisor of 287 and u?
41
Let u(v) =